2370605
In base 7, what is 600 - -16622?
20522
In base 4, what is -2 + 13203323223?
13203323221
In base 11, what is 1 + 63827483?
63827484
In base 4, what is 211002233 + -111?
211002122
In base 7, what is -242415110 - 15?
-242415125
In base 15, what is -4e29 + -21ad?
-70d7
In base 2, what is -11101011101 - -1101010110001001?
1100111000101100
In base 14, what is 74d39 - 16a?
74bad
In base 16, what is -1 + -1867ab?
-1867ac
In base 7, what is 2450 + -152324?
-146544
In base 5, what is -12323 + -42140?
-110013
In base 5, what is 22131002331 + -4?
22131002322
In base 2, what is 1 - 100010111010111001110110?
-100010111010111001110101
In base 5, what is 11043 - -20414020?
20430113
In base 3, what is -11210 - -101121200121?
101121111211
In base 7, what is -1336240515 - -4?
-1336240511
In base 12, what is -451219bb - -5?
-451219b6
In base 10, what is -11620142 + 9?
-11620133
In base 16, what is -20 + 12a430?
12a410
In base 16, what is -2b09c + 2aa?
-2adf2
In base 7, what is -5332662 - -351?
-5332311
In base 5, what is -40401 + -440221?
-1031122
In base 12, what is -2583574 - -8?
-2583568
In base 9, what is 65 - -11100358?
11100434
In base 11, what is -120a9575 - -7?
-120a9569
In base 10, what is -1 + 1722807?
1722806
In base 2, what is -11000001001101011000001000 + 1?
-11000001001101011000000111
In base 6, what is 25 - -132412213?
132412242
In base 8, what is 22562 + -257565?
-235003
In base 9, what is 786 - 35734?
-34837
In base 3, what is 2200 + -11020202120?
-11020122220
In base 2, what is -101010001001101000000 + 1001?
-101010001001100110111
In base 14, what is -131658d + -1?
-1316590
In base 13, what is 5 + -8ab254?
-8ab24c
In base 15, what is 2a10 - 2d0?
2730
In base 7, what is 1125231 + -45?
1125153
In base 3, what is -10012221 - -221012201?
210222210
In base 16, what is 142 + 4dd6?
4f18
In base 11, what is 3a9 + 4033a?
40738
In base 8, what is -33 - 1262645?
-1262700
In base 5, what is 10 + 33334420000?
33334420010
In base 5, what is -31032444123 + 0?
-31032444123
In base 16, what is -7 - 3100466?
-310046d
In base 10, what is 2289 - 238098?
-235809
In base 14, what is 85 - -19a64d?
19a6d4
In base 10, what is 6 - -1693954?
1693960
In base 10, what is -2009368 - -5?
-2009363
In base 5, what is 112002003212 + 1?
112002003213
In base 5, what is -31 + 1341423442?
1341423411
In base 7, what is 234343 - 54?
234256
In base 9, what is 6 + -126243261?
-126243254
In base 9, what is -1603560 + -2?
-1603562
In base 4, what is -33200002 + -13021?
-33213023
In base 2, what is -11101011 - -11110000100100100110?
11110000100000111011
In base 9, what is 40614451 + 0?
40614451
In base 7, what is 6 + -1411021510?
-1411021501
In base 10, what is 354446 + 0?
354446
In base 5, what is 34 + -44112113?
-44112024
In base 13, what is -15c73 + a98?
-151a8
In base 16, what is -2ddf4 - -3d?
-2ddb7
In base 3, what is 1001110211211011121 + 10?
1001110211211011201
In base 15, what is -4c + -78db?
-7938
In base 10, what is -8 + -2853695?
-2853703
In base 5, what is -30420020401 - 0?
-30420020401
In base 4, what is -11 - 132311332102?
-132311332113
In base 13, what is 3b4150 + 10?
3b4160
In base 12, what is 85b8 - -674?
9070
In base 4, what is 1123 + 11213130?
11220313
In base 12, what is 4 + 1560a16?
1560a1a
In base 9, what is 80 - -157567?
157657
In base 11, what is -6300136 - -9?
-6300128
In base 2, what is -101110010011110000110 + -11010?
-101110010011110100000
In base 4, what is 13101311 - -11203?
13113120
In base 7, what is 150234003 - -12?
150234015
In base 12, what is 11659 - -45?
116a2
In base 12, what is -b - 3817217?
-3817226
In base 6, what is -201053 + 5533?
-151120
In base 11, what is 3 + 3a865840?
3a865843
In base 9, what is 53515741 + 4?
53515745
In base 15, what is -2636aa - -3d?
-26366c
In base 4, what is 110 + 313102131?
313102301
In base 9, what is 0 + 3388277?
3388277
In base 8, what is -201572 + -5254?
-207046
In base 14, what is -3 + 83a8a96?
83a8a93
In base 7, what is 14624250 - 5?
14624242
In base 5, what is -12030 + -231302?
-243332
In base 8, what is 240 + -2366573?
-2366333
In base 11, what is -326580 - 40?
-326610
In base 10, what is -120386549 - -4?
-120386545
In base 3, what is -10012021 - -10121101?
102010
In base 15, what is -8500a - 7c?
-85087
In base 16, what is c12 - e9f?
-28d
In base 15, what is 5 - 3e37a89?
-3e37a84
In base 14, what is -9b016 + 8?
-9b00c
In base 9, what is -207722 - -803?
-206818
In base 5, what is -20412424340 + 30?
-20412424310
In base 4, what is 201 + -300130311?
-300130110
In base 16, what is -3 - -1a7dd1b?
1a7dd18
In base 4, what is 1002 - 2102330012?
-2102323010
In base 12, what is 110a39 - -25?
110a62
In base 11, what is 88 - -305179?
305256
In base 3, what is -1112 - -1212200220020?
1212200211201
In base 12, what is -505697 + a?
-505689
In base 3, what is -11222 + 1110222122?
1110210200
In base 9, what is 225034 - 470?
224454
In base 13, what is 1 + 59cb5087?
59cb5088
In base 15, what is -4578144 - -5?
-457813e
In base 6, what is 542001 - -54?
542055
In base 5, what is -233031330 + 20?
-233031310
In base 9, what is -2 + -431253?
-431255
In base 14, what is 1d5775 - c?
1d5767
In base 15, what is -c264 + -5a?
-c2be
In base 10, what is 4 + 852891?
852895
In base 14, what is 221cd3 + -138?
221b99
In base 7, what is 1241 - 1105410?
-1104136
In base 3, what is 21000022110 - 22?
21000022011
In base 11, what is 42966626 - -3?
42966629
In base 9, what is -53235 - -14242?
-37883
In base 11, what is -3240746 - -3?
-3240743
In base 7, what is 655141 - -30?
655201
In base 2, what is -100101 + 100011011100111110?
100011011100011001
In base 16, what is -59ac9a2 - -6?
-59ac99c
In base 6, what is 2022010 - 220?
2021350
In base 10, what is -250768 + -200?
-250968
In base 10, what is 9512 + -3292?
6220
In base 16, what is -3 - 203d68a?
-203d68d
In base 12, what is 5 - -19551188?
19551191
In base 3, what is -1120110002 + -122210?
-1121002212
In base 11, what is -719 - 67876?
-68494
In base 7, what is -3 + -65512464?
-65512500
In base 13, what is -80a008 + 6?
-80a002
In base 9, what is 8453050 + 5?
8453055
In base 4, what is 11031212202 + 12?
11031212220
In base 5, what is 2124 - -10231023?
10233202
In base 9, what is 101402 + 1741?
103243
In base 15, what is d36682 - 9?
d36678
In base 7, what is 13 + 13563115?
13563131
In base 5, what is 4320 - -443133002?
443142322
In base 11, what is 16 + 9a69122?
9a69138
In base 2, what is 1110111101 - 11000011100011?
-10110100100110
In base 3, what is 101022002212 - 20020?
101021212122
In base 15, what is -4 - 4737611?
-4737615
In base 11, what is -a6 - 363342?
-363438
In base 5, what is 230022230 + -2121?
230020104
In base 8, what is -445707 + -46?
-445755
In base 11, what is 5572 - 1072?
4500
In base 4, what is 11 - -23203123200?
23203123211
In base 13, what is 3 - -38cc914?
38cc917
In base 8, what is 3521 - -374662?
400403
In base 14, what is -2 - -3dadab8?
3dadab6
In base 14, what is -17386613 - -5?
-1738660c
In base 4, what is -2212012 + -1333211?
-10211223
In base 12, what is -577a1b + -14?
-577a33
In base 9, what is -1 - -577147?
577146
In base 14, what is -42 + 716453?
716411
In base 2, what is -1011011111011110 - 1101010111111?
-1101001010011101
In base 3, what is -12 + 12101210121101?
12101210121012
In base 16, what is -e38e8 + -14?
-e38fc
In base 2, what is -110100000 - 11110110110010?
-11111101010010
In base 6, what is -12002104 + -114?
-12002222
In base 4, what is -1031111 - 31300211?
-32331322
In base 7, what is -11434353 + -1065?
-11435451
In base 12, what is 1756883 + -167?
1756718
In base 6, what is 42521502 - -15?
42521521
In base 5, what is -23241041042 + 3?
-23241041034
In base 12, what is -13 - 27356ba?
-2735711
In base 8, what is -43565 + -6326?
-52113
In base 2, what is 1000111011110111 - 10000110110?
1000101011000001
In base 15, what is -24702 - -451?
-242a1
In base 5, what is 244341 + 2303324?
3103220
In base 3, what is 0 - -101022121210121012?
101022121210121012
In base 6, what is 21 - -2115102422?
2115102443
In base 13, what is -25c40 - -c9a?
-24c73
In base 9, what is 8368 + 717?
10186
In base 14, what is 1 - -14a480a0?
14a480a1
In base 13, what is 5558 - -cc1?
6549
In base 16, what is 824 - 507?
31d
In base 4, what is -20 - -2132330302132?
2132330302112
In base 16, wh